r when v is divided by 36?
34
Suppose 4*y - 3*i = 71, -303*y - 76 = -307*y + 4*i. What is the remainder when 5487 is divided by y?
13
Suppose 2*n - 3*b - 115 = 0, 0 = -4*n - 2*b + 3*b + 245. Suppose 5*v - 5*p - 35 = 0, 4*v - 3*p + 8*p - 28 = 0. Calculate the remainder when n is divided by v.
6
Let m(h) = -h**3 + 28*h**2 - 40*h + 52. Let c be m(26). Calculate the remainder when 7/(c/(-8)) + 2526/26 is divided by 4.
1
Suppose -242 + 209 = -11*d. Let t = -31 - -31. Suppose -b = d*k + 2*k - 303, -4*k + 5*b + 254 = t. Calculate the remainder when k is divided by 31.
30
What is the remainder when (-56086)/(-10) - (22 + 3627/(-155)) is divided by 18?
12
Suppose -199*d = 219*d - 65*d - 2824. What is the remainder when 3750 is divided by d?
6
Let n = -42 + 45. Suppose 0 = u - 3*u - 8, 0 = -n*f - 3*u - 3. Suppose -f*k = -5*k + 42. What is the remainder when 39 is divided by k?
18
Let a be 1212*12/15*(-5)/(-6). Suppose k - 4252 = -5*i, a + 48 = i + 3*k. What is the remainder when i is divided by 71?
69
Suppose 88 = 3*y + y. Let o(m) = 2*m**2 + m + 2. Let g(q) = 5*q**2 - 3*q + 8. Let x(r) = g(r) - 2*o(r). What is the remainder when y is divided by x(5)?
2
Let n(a) = 61*a**3 - a**2 - 3*a + 3. Let x be n(1). What is the remainder when 1164/x - 1/(15/6) is divided by 10?
9
Let j = -42750 - -42794. Calculate the remainder when (-2)/(-3)*(-105)/(-1) is divided by j.
26
Let x = 3330 - 3198. What is the remainder when 292 is divided by x?
28
Suppose 75*b + 16 = 79*b. Let o(j) = -5*j - 4. What is the remainder when o(-3) is divided by b?
3
Let c(o) = -2*o**2 + 45*o + 660. Let u = 211 - 127. What is the remainder when u is divided by c(-10)?
4
Let h(g) = 2*g**3 + 121*g**2 - 186*g + 78. What is the remainder when 162 is divided by h(-62)?
6
Let h = 4983 + -4963. What is the remainder when 3718 is divided by h?
18
Let v be ((-3)/(-2))/(33/242). Let y = 10 + v. What is the remainder when -1 - 58*(1 - 2) is divided by y?
15
Let i(u) = -40*u + 5*u**2 + 2 + 16*u + 19*u. Let m be i(-4). Let d = 190 - m. What is the remainder when d is divided by 15?
13
Let t = 1095 + 1120. Calculate the remainder when t is divided by 2204.
11
Let m be (-3 - -3)*2/4. Suppose -5*f + 3*s + 45 + m = 0, -3*f = -2*s - 28. Calculate the remainder when 86 is divided by (-132)/(-8)*8/f.
20
Let l = -10620 - -10642. What is the remainder when 204/85*115/2 is divided by l?
6
Let p be (1 + (-177)/(-9))/((-2)/(-27)). Let k = p - 191. What is the remainder when k is divided by 25?
13
Suppose -4702*s + 4696*s = -288. Calculate the remainder when 3741 is divided by s.
45
Let k = -14387 - -14423. What is the remainder when 27789 is divided by k?
33
Let k = 160 - 99. Suppose 63 = -3*g - 4*p, 0 = -5*g + 4*p - 55 - 18. Let d = k + g. Calculate the remainder when 171 is divided by d.
39
Suppose 3*m + 0*c - 9 = 2*c, -2*m - 3*c + 19 = 0. Let b(n) = -3*n + 5. What is the remainder when (-11 - (-1 + -2))/((-2)/m) is divided by b(-2)?
9
Suppose -w = 3*h - 421, -2678*h + 2675*h - 2*w + 413 = 0. Calculate the remainder when h is divided by 40.
23
Let k = 14457 - 14448. Calculate the remainder when 2372 is divided by k.
5
Let g be 5 + 6 + 2 + 1. Suppose -308 = -g*w - 8*w. Calculate the remainder when 62 is divided by w.
6
Suppose 9240 = 233*v + 255*v - 103*v. What is the remainder when v is divided by 1/(-3*(-1)/27)?
6
Let d = -2019 - -2080. Suppose r + 3*h - 12 = 0, -5*r - 4*h = -r - 48. Let c = r + d. Calculate the remainder when c is divided by 11.
7
Let k = -321 + 443. Suppose k + 193 = 21*n. What is the remainder when 77 is divided by n?
2
Let j(a) = a**3 + 15*a**2 - 3*a - 12. Let t be j(-15). Suppose 4*p + 3*i - 171 = 0, -i - t = -2*p + 60. What is the remainder when 153 is divided by p?
18
Let v(l) = -18*l + 247. What is the remainder when 1612 is divided by v(9)?
82
Let r be 2/(-32)*-4*4. Let a(b) = 118*b**2 - b. Let z be a(1). What is the remainder when 2 - (z/r)/(-3) is divided by 22?
19
Let a = 147 - 177. What is the remainder when -1*354*15/a is divided by 30?
27
Let j = 6 + -37. Calculate the remainder when 2/((-3)/3) - j is divided by 15.
14
Suppose 2650 = 8*i - 943 - 95. Calculate the remainder when i is divided by 124.
89
Suppose 48*n = 3494 - 976 + 2714. Calculate the remainder when 1126 is divided by n.
36
Let t(n) = n**3 + 12*n**2 + 6*n - 19. Calculate the remainder when 1443 is divided by t(-10).
112
Let u(x) = x**3 + 5*x**2 - 5*x + 8. Let m be u(-6). Let w be m/(-3)*(-117)/26. Calculate the remainder when w/(-2)*(608/(-12) + -4) is divided by 14.
12
Let h(f) = 2*f**2 + 2*f + 1. Let l be h(-1). Suppose u - 2*y - 7 = -l, 3*u = -2*y + 50. Calculate the remainder when (-1360 + 1351)/((-3)/17) is divided by u.
9
Suppose 22*r + 24 = 24*r - 5*o, 3*r + o - 53 = 0. Suppose 120 = 2*h - 4*t, 0 = 4*h - t - 7 - 226. Calculate the remainder when h is divided by r.
7
Suppose z - 12 = 3*c, 2*c = z + z - 12. Suppose -407 = -z*h - 17. What is the remainder when h is divided by 11?
9
Suppose -1571 - 1599 + 1094 = -173*n. Calculate the remainder when 129 is divided by n.
9
Suppose -1084*h + 1069*h + 600 = 0. Calculate the remainder when 276 is divided by h.
36
Let o be ((-71)/213)/((-1)/(-114)). Let u = o + 543. What is the remainder when u is divided by 23?
22
Let r = 3 + -5. Let c be 5*r/(-20)*12. Suppose -3*m = 2*v - 15, c*v - 4*v - 7 = 5*m. Calculate the remainder when v is divided by 3.
0
Let v = -1972 + 2431. What is the remainder when v is divided by 15?
9
Let g = 370 - 235. Suppose g*l - 108*l - 1188 = 0. Let t(s) = -s**2 + s + 8. Calculate the remainder when l is divided by t(0).
4
Suppose 0 = 524*r - 17192 - 20536. Calculate the remainder when 1505 is divided by r.
65
Let r = -5 + 22. Let f = 2048 + -1198. What is the remainder when 3*(f/60 + 2/(-4)) is divided by r?
7
Let m = 7154 + -7071. What is the remainder when 333 is divided by m?
1
Let k be 4 + (-38)/8 - 205/4. Let h(w) = 8*w**2 + 2*w - 4. Let t be h(-3). Let m = t + k. Calculate the remainder when 38 is divided by m.
8
Let b be 71*(-2 - 1/((-1)/3)). Let o = b - -51. What is the remainder when o is divided by 25?
22
Calculate the remainder when 73 is divided by (-540)/100*(-30)/9 - 0.
1
Suppose 59*b - 12125 = -114*b + 11749. Calculate the remainder when 807 is divided by b.
117
Suppose -2*x + 532 + 100 = 0. Let c = -79 + x. What is the remainder when c is divided by 60?
57
Suppose -w = 4*j - 1255, -w - 919 = -3*j - 2202. What is the remainder when w is divided by 45?
11
Let b(x) = 6*x**2 - 5*x + 13. Calculate the remainder when b(-4) is divided by 40.
9
Let z be 12/30 - 1136/(-10). Suppose 5*p + 0*s + s - z = 0, 0 = 5*p + 3*s - 112. What is the remainder when (22/4 + -3)*100 is divided by p?
20
Let z = 54 + -56. What is the remainder when 12*18/45*(-5)/z is divided by (-124)/(-20) - (-20)/25?
5
Suppose 80 + 24 = 26*d. Suppose d*o + 34 = 534. Calculate the remainder when o is divided by 26.
21
Suppose 15*j - 14*j + 4*t = -22, -12 = 4*j - 3*t. What is the remainder when 154 is divided by (-68)/(-2) + (-6*5)/j?
37
Let v = 8 - -5. Suppose -n + 3 + 4 = i, 3*n - 17 = -i. Suppose -172 - 83 = -n*m. Calculate the remainder when m is divided by v.
12
Suppose 0*s - 5*s - 60 = -z, -s + 66 = z. What is the remainder when 157 is divided by z?
27
Suppose 3*w - 7*w + 12 = 0, -62 = -5*h - 4*w. Let y(s) = -2*s**3 + 56*s**2 + 59*s + 49. What is the remainder when y(29) is divided by h?
8
What is the remainder when 348/3306 + 27738/19 is divided by 43?
41
Calculate the remainder when 209 is divided by (-5)/(-4)*(580/50 + -12)*-204.
5
Let n = 80 + -28. Let h(u) = -7*u + 162. Let t be h(23). Suppose -4*k - 3*l = -75, 0 = -5*l + 6 - t. What is the remainder when n is divided by k?
16
Let t = -4943 + 7806. Calculate the remainder when t is divided by 5.
3
Suppose -4*t - 4*o - 14 = -o, 4*o + 10 = -t. Let l = t - -4. Suppose 24 = -b + l*b. Calculate the remainder when b is divided by 5.
4
Suppose -2*i = -2*x + 3*x - 146, 5*i + 2*x - 368 = 0. What is the remainder when 180 is divided by i?
28
Suppose 4215*p - 4202*p = 10049. Calculate the remainder when p is divided by 182.
45
Let h = -42 - -47. Let c(v) = -v**3 + 9*v**2 - 4*v - 21. What is the remainder when c(7) is divided by h?
4
Let h(v) = -v**3 - 13*v**2 - v + 18. Suppose 5*t + 1 = -109. Calculate the remainder whe